 value of 1 + -2 + 7 + (-3 - 2)?
1
Calculate -2 + (0 - -1) - 4.
-5
What is (5 - 2) + -3 + 4 - 8?
-4
4 + (7 - (-4 + 15) - -9)
9
Evaluate 11 + -16 - -9 - (6 - 0).
-2
Calculate -1 - (6 + 4 + -10).
-1
What is (-11 - (0 + -15)) + (1 - 7)?
-2
-7 - ((5 + -14 - -3) + -8)
7
What is the value of -6 + 9 + 6 + -9?
0
Calculate 3 - (22 - (-8 - -21)).
-6
What is -3 + (-2 - 0) + (-7 - -9)?
-3
Evaluate (-2 - -2) + -5 + 2 - -8.
5
Calculate 4 - (-3 - (-20 + 4) - 8).
-1
Evaluate 8 - (6 - -13) - -4.
-7
Evaluate (1 - (-3 + 5)) + -2 + 4.
1
47 + -35 + -2 + 0 + 1
11
What is 0 + 13 - (-62 + 67) - 7?
1
Calculate (-6 - -4) + 1 - 0.
-1
2 - (6 - 0) - -7
3
Calculate 3 - (4 + -2 + -4).
5
Calculate 8 - 2 - ((3 - 0) + 4).
-1
Calculate -2 - (-7 + 4 + 0) - -1.
2
Calculate (-6 - (2 - (14 - 0))) + -7.
-1
Evaluate -20 + (3 - -10) + 2.
-5
Evaluate (-8 - -9) + -14 + 6.
-7
What is 13 - (-4 - -17) - 5?
-5
What is the value of -5 + 8 + -3 + -2 + 3?
1
What is 10 - 12 - ((5 - 1) + -1)?
-5
What is the value of (20 - 12) + -6 + -1 + -3?
-2
-3 - (-8 - -11) - -8
2
8 + -9 + -9 - -9
-1
Calculate 1 - (-3 + 4 + 0).
0
Evaluate -1 - (5 - 4) - -8.
6
Evaluate 3 + (11 - (14 - -4)).
-4
What is 1 + -3 - ((5 - 11) + 5)?
-1
What is (3 + -2 - (0 - -1)) + 4?
4
Evaluate 3 - -1 - 4 - (-11 + 9).
2
What is 3 - (0 - 1) - (8 + 1)?
-5
Calculate -1 - 1 - (24 + -23) - -2.
-1
What is the value of 1 + -9 + 1 + 4?
-3
What is the value of 3 + (1 - (-5 + 9)) + 2?
2
Evaluate (2 - 1) + (8 - (14 - 12)).
7
Calculate (-4 - (2 + (-3 - 9))) + -2.
4
What is 5 + (12 - 14) + 6?
9
Evaluate (9 - 18) + 13 - (-1 + 3).
2
What is -8 - -2 - (6 - 15 - -5)?
-2
(-5 - -4) + 2 + 1
2
(-3 - 1) + 6 + -5 + 2
-1
What is (6 + -24 - -6) + (6 - -1)?
-5
Evaluate 9 + (-1 + 0 - (-49 + 51)).
6
2 + 0 + -2 + -10 + 7
-3
Calculate 3 - 5 - 2 - 1.
-5
1 + -3 + (-3 - -2)
-3
Calculate -2 + -1 - (2 - (-4 + 6)).
-3
Calculate (12 + -7 - 5) + 0.
0
Calculate 0 - (-2 - -1) - 2.
-1
What is the value of (-4 - -2) + -1 + 4?
1
Evaluate (4 - (0 - 0)) + (-90 - -88).
2
Evaluate (-17 - -13) + (11 - -2) + -7.
2
What is the value of 86 + -88 + (-1 - 0)?
-3
Calculate 0 + (-1 - (3 + -5 + 7)).
-6
-6 + -8 + (3 - -1) + 4
-6
What is -6 - 1 - (5 + -6 + 0)?
-6
Calculate 10 + -3 + -3 + -38 + 37.
3
-2 + -1 + (3 - (-2 + -2))
4
What is 1 - 4 - (-14 + 8)?
3
What is the value of 0 + (3 - -1) + -8?
-4
Calculate -2 - (-6 - (8 - (-3 - -11))).
4
Calculate 0 + 3 + (1 - 8).
-4
5 + 0 + (-164 - -164)
5
What is the value of -2 + 10 - (2 + 17)?
-11
What is -3 + 2 - (26 - 24)?
-3
(-1 - (-6 - -6)) + 2 + -5
-4
What is -6 + -3 + (-9 - -20)?
2
What is (46 - 43) + (-2 - -2 - 0)?
3
(2 - -2 - 5) + 3
2
What is the value of -8 + 4 + 2 + (-1 - -3)?
0
What is the value of (0 - 0) + 2 + -2?
0
Evaluate -2 + (-1 - 2 - 0).
-5
Evaluate 10 + -3 + 0 + -4.
3
-1 + -1 + 2 + (5 - 0)
5
Calculate (2 - 7) + -6 + 2.
-9
What is the value of 1 + (-13 - -5) + 4 - -7?
4
Calculate 10 - 15 - (-4 + -1).
0
-7 + (-4 - 2 - -9) + -3
-7
7 + -8 + 6 + 0
5
Evaluate -6 + -4 - (2 - 7).
-5
Calculate -1 + -3 + 3 + 3.
2
Calculate 11 - (5 - -5) - (-5 + 0).
6
What is 4 + -5 + (4 - 4) + 1?
0
What is 6 + (-9 - (-3 - (5 + -4)))?
1
Calculate 4 + -1 + (-4 + 2 - 5).
-4
Evaluate 10 + (0 + 2 - 5) + 0.
7
-7 - -8 - (5 - (3 + 5))
4
What is the value of (-3 - (3 - 1)) + 10 - 5?
0
What is the value of -6 + 5 + 6 - (11 + -1)?
-5
Evaluate (0 - (2 + -1)) + 2 + -1.
0
What is -3 + (-5 - -8) + -3?
-3
Calculate 8 + -2 + 1 - (301 - 294).
0
-2 - ((2 - 3) + 2 - 2)
-1
(0 + 0 - -1) + 3
4
Calculate (4 + -6 - -3) + 0 - 5.
-4
What is 4 - (30 - 24 - (6 - 2))?
2
(-3 - -12) + -5 - 8
-4
What is the value of 12 + 3 + -11 - (0 - 1)?
5
What is the value of -4 + 0 + -55 + 64?
5
Calculate -2 + 4 + -2 + 4.
4
What is -5 + 4 + -5 - -1?
-5
6 + (-3 - (1 + 2)) + -3
-3
Calculate 1 + (7 - (3 - -2 - -7)).
-4
-4 - (0 + 2 + -6)
0
What is the value of 2 + (2 - 1) + -6?
-3
Evaluate (-3 - (5 - 1)) + 2.
-5
What is -119 + 112 + 15 + 0?
8
(8 + -13 - 1) + 0
-6
(0 - 0 - 3 - -3) + -3
-3
Calculate -1 - (-5 + (-1 - -14) + -5).
-4
What is the value of 6 + (3 - 1 - 7)?
1
Calculate (1 - 1) + -1 + 3 + -3.
-1
What is 1 + (-13 - -4 - -3) - -2?
-3
Evaluate -4 - (-6 + 2) - 0.
0
6 + (3 - 8 - 4)
-3
What is the value of 7 + (-7 - -14) + -11?
3
What is the value of 19 + -11 - (2 - -3)?
3
What is the value of 6 + -1 - (0 - -1)?
4
Evaluate -8 + (1 - -7) + (-37 - -36).
-1
Calculate 2 - (-1 + -2) - (7 + -8).
6
What is -5 + 0 + (-4 - -7)?
-2
What is 5 + -5 + 5 + -8 + 5?
2
Calculate 0 + 10 + -8 + 2.
4
Evaluate 1 + -4 - (8 + -15).
4
Evaluate 4 - (2 - -2) - -4.
4
What is the value of (-1 - 6 - -4) + (-2 - 0)?
-5
Calculate -1 + 5 - (4 - 1).
1
Calculate -14 - ((0 - -13) + -18).
-9
Evaluate 3 - (-1 - -3) - (2 - 2).
1
What is the value of -10 + (7 - 5) + -2?
-10
10 + -15 + 2 + -1
-4
What is the value of 2 + (-7 - -11 - 2)?
4
4 - (7 - (-6 + 4))
-5
(0 - 8) + (2 - 0)
-6
2 + -7 + 0 + 1 + 12
8
Evaluate 0 - (7 + 1 + 3) - -2.
-9
-3 - (-3 + 0 - -1)
-1
Calculate 1 + 0 + -12 - (-503 + 501).
-9
Evaluate 3 - (12 - 5) - (0 + -9).
5
Evaluate -7 - (-9 - -8 - 7).
1
Evaluate (8 - 5) + (-2 - -3) + -3.
1
What is -3 - -2 - (-1 - (-3 + 3))?
0
What is -12 - 1 - -12 - (-1 - -2)?
-2
Evaluate 2 + -1 - (35 + -35).
1
What is the value of -1 + (1 - (1 + 3))?
-4
Calculate -9 - 2 - -10 - (-2 - -4).
-3
What is 1 + (-14 - -13) + 2?
2
What is (-12 - (-9 + -20)) + -7?
10
17 - -2 - (17 + -5)
7
What is 18 + (12 - 12) - 13?
5
Calculate (-10 - -4 - 1) + 6.
-1
What is the value of -7 - (0 - (2 - 3) - -1)?
-9
What is (-4 - (-7 - -7)) + 5?
1
What is the value of 13 - (-4 + (18 - 4))?
3
Evaluate -2 - (5 + -25 - -10).
8
Calculate (-1 - 10) + 4 - -4.
-3
What is 7 + 1 + (-2 - 0) + -2?
4
Evaluate -4 - (-6 + (-3 - -7)).
-2
What is -4 - (-1 + -2 + 2 - 2)?
-1
Evaluate 9 + -3 + (-6 - -7).
7
Calculate -2 + 0 + 0 + (6 - -1).
5
What is the value of (5 - (-5 + (7 - 4))) + 1?
8
Evaluate 5 + -4 + -1 + 1 + -1.
0
Calculate (-4 - 0) + (-21 - -24).
-1
Calculate -3 + (-12 + 11 - -10).
6
What is -37 + 35 + (3 - 2)?
-1
7 + (4 - (-2 - -14)) - -2
1
Evaluate -5 - (2 + (4 - 16)).
5
0 + -1 + (0 - 1 - 3)
-5
-4 + 9 + 2 - 6
1
Evaluate -9 + 8 + -2 - (-6 - -1).
2
What is the value of 1 + 2 - (1 + 4 + -9)?
7
What is -7 + 2 + 5 + -4?
-4
What is the value of 7 - (6 + -3 + 4)?
0
What is the value of 6 + -9 - (-5 - 2)?
4
What is -284 + 288 - ((0 - 1) + -1)?
6
What is the value of 1 + -1 - (-11 + 2 + 8)?
1
What is the value of -5 + 3 + -6 - -15?
7
Evaluate (-7 - -2 - -4) + (-2 - 0).
-3
What is -3 - (0 - 6 - (2 - 1))?
4
(1 - -6) + (7 - (-1 - -10))
5
Evaluate -4 + (2 - 6 - -3).
-5
What is 0 - ((2 - -2) + (-10 - -9))?
-3
Evaluate (6 - 9) + (-2 - -3).
-2
What is -3 + 10 - (1 - -6)?
0
Evaluate 3 - (2 + -6 + -1 + 4).
4
Calculate 0 - (-2 - 0) - (51 - 58).
9
Evaluate 4 + 1 + 0 + -3.
2
What is the value of 0 - 1 - (-2 + 11 + -14)?
4
Evaluate -17 + -1 + 11 + 7.
0
What is the value of -2 - (5 - (-8 + (-5 - -10)))?
-10
-8 + (6 - 1) - (0 - 7)
4
16 - 12 - (4 - 1)
1
6 + (0 - 4) + -2
0
What is the value of (2 + -3 - 1) + 0?
-2
What is (1 - 1) + -5 + 1 + 0?
-4
What is the value of (-9 - -4) + 8 + -2?
1
-2 + (5 - 4) + 0 - -1
0
What is the value of 10 + 3 + (8 - 19)?
2
What is 4 + (5 - 4) - -1?
6
What is (-14 - -19) + (-3 - (-1 - 0))?
3
-5 - (-6 - (-11 - -5))
-5
What is the value of 16 + -9 + -11 + 1?
-3
(7 - (-1 - 2)) + -1 + -1
8
(-30 - 1) + 5 + 15
-11
Calculate 18 + -19 + (6 - 1).
4
What is -1 + 2 - (-1 - (-12 - -18))?
8
Calculate 13 - 14 - (2 - 1).
-2
What is -4 - -2 - -7 - (11 + -12)?
6
0 - 1 - (5 + -9)
3
Evaluate (3 - 11) + -3 + 5 + 7.
1
Evaluate -4 + 1 + (-10 - -13) - -1.
1
Calculate (4 + -3 + -2 - 0) + -2.
-3
Calculate 6 + 3 + -3 - -1 - 6.
1
(10 + -3 - (11 - -2)) + 13
7
What is 0 + -6 + -10 + 20?
4
0 - 1 - (-7 - (1 + -5))
2
Calculate 0 + -4 + 1 + (12 - 13).
-4
What is 5 - ((-11 - -6) + 5 + -1)?
6
What is -1 - (2 + (5 + -10 - -2))?
0
Evaluate 9 + (1 - (6 + -3) - 2).
5
What is the value of -4 + 2 + (3 + -3 - -2)?
0
Evaluate 7 + 1 + 4 + -8.
4
What is (-9 - 1) + (6 - 1)?
-5
Evaluate (1 - 11) + -11 - -12.
-9
What is the value of -6 + (12 + 1 - 9)?
-2
What is the value of -16 + 13 + (2 - 0)?
-1
What is the value of 0 + (-5 + 3 - 1)?
-3
-7 - -18 - 5 - 14
-8
Evaluate -4 + (13 - 3) - 5.
1
Evaluate 11 - (-9 + 9 + 8).
3
Calculate 7 + -7 + (-1 - 1).
-2
0 + -2 - 1 - (-4 + 4)
-3
What is (-3 - -8) + -2 - 2?
1
Calculate 2 - 1 - -4 